{"id":236,"date":"2026-02-03T15:34:31","date_gmt":"2026-02-03T08:34:31","guid":{"rendered":"https:\/\/tapvohongma.io.vn\/?post_type=product&#038;p=236"},"modified":"2026-02-03T15:35:45","modified_gmt":"2026-02-03T08:35:45","slug":"set-ni-nam-phong-cach","status":"publish","type":"product","link":"https:\/\/tapvohongma.io.vn\/?product=set-ni-nam-phong-cach","title":{"rendered":"Set n\u1ec9 nam phong c\u00e1ch"},"content":{"rendered":"<p>&nbsp;<\/p>\n<p><span style=\"font-weight: 400;\">Khi th\u1eddi ti\u1ebft chuy\u1ec3n l\u1ea1nh, vi\u1ec7c l\u1ef1a ch\u1ecdn \u0111\u1ed3 nam v\u1eeba gi\u1eef nhi\u1ec7t t\u1ed1t, v\u1eeba \u0111\u1ea3m b\u1ea3o t\u00ednh linh ho\u1ea1t khi v\u1eadn \u0111\u1ed9ng l\u00e0 \u01b0u ti\u00ean h\u00e0ng \u0111\u1ea7u c\u1ee7a ph\u00e1i m\u1ea1nh. Set n\u1ec9 Vital Active Hoodie ch\u00ednh l\u00e0 gi\u1ea3i ph\u00e1p to\u00e0n di\u1ec7n cho t\u1ee7 \u0111\u1ed3 th\u1ec3 thao nam c\u1ee7a b\u1ea1n. S\u1ef1 kh\u00e1c bi\u1ec7t \u0111\u1ebfn t\u1eeb t\u1ef7 l\u1ec7 ch\u1ea5t li\u1ec7u \u0111\u01b0\u1ee3c nghi\u00ean c\u1ee9u k\u1ef9 l\u01b0\u1ee1ng g\u1ed3m 55% Cotton mang l\u1ea1i b\u1ec1 m\u1eb7t m\u1ec1m m\u1ea1i, th\u00e2n thi\u1ec7n v\u1edbi l\u00e0n da; 40% v\u1ea3i Polyester gi\u00fap b\u1ed9 \u0111\u1ed3 \u0111\u1ee9ng form, h\u1ea1n ch\u1ebf nh\u0103n nh\u00e0u v\u00e0 t\u0103ng \u0111\u1ed9 b\u1ec1n; cu\u1ed1i c\u00f9ng l\u00e0 5% Spandex \u0111\u1ec3 t\u1ea1o \u0111\u1ed9 co gi\u00e3n tho\u1ea3i m\u00e1i. C\u1ea3m gi\u00e1c khi m\u1eb7c set qu\u1ea7n \u00e1o nam n\u00e0y l\u00e0 s\u1ef1 \u00eam \u00e1i, nh\u1eb9 nh\u00e0ng nh\u01b0ng v\u1eabn \u0111\u1ee7 \u1ea5m \u00e1p nh\u1edd k\u1ebft c\u1ea5u v\u1ea3i n\u1ec9 d\u00e0y d\u1eb7n v\u1eeba ph\u1ea3i. Kh\u1ea3 n\u0103ng th\u1ea5m h\u00fat m\u1ed3 h\u00f4i t\u1ed1t gi\u00fap b\u1ea1n lu\u00f4n c\u1ea3m th\u1ea5y kh\u00f4 tho\u00e1ng, kh\u00f4ng b\u1ecb b\u00ed b\u00e1ch ngay c\u1ea3 khi th\u1ef1c hi\u1ec7n c\u00e1c b\u00e0i t\u1eadp v\u1eadn \u0111\u1ed9ng nh\u1eb9 hay di chuy\u1ec3n li\u00ean t\u1ee5c ngo\u00e0i tr\u1eddi.<\/span><\/p>\n<h3><span style=\"font-weight: 400;\">Thi\u1ebft k\u1ebf Oversized ph\u00f3ng kho\u00e1ng v\u00e0 hi\u1ec7n \u0111\u1ea1i<\/span><\/h3>\n<p><span style=\"font-weight: 400;\">Kh\u00e1c v\u1edbi nh\u1eefng b\u1ed9 \u0111\u1ed3 n\u1ec9 truy\u1ec1n th\u1ed1ng th\u01b0\u1eddng \u00f4m s\u00e1t, phi\u00ean b\u1ea3n n\u00e0y s\u1edf h\u1eefu form d\u00e1ng Oversized r\u1ed9ng r\u00e3i, mang l\u1ea1i v\u1ebb ngo\u00e0i tr\u1ebb trung, b\u1ee5i b\u1eb7m v\u00e0 \u0111\u1eb7c bi\u1ec7t l\u00e0 kh\u1ea3 n\u0103ng che khuy\u1ebft \u0111i\u1ec3m c\u01a1 th\u1ec3 c\u1ef1c t\u1ed1t.<\/span><\/p>\n<h3><span style=\"font-weight: 400;\">\u0110a n\u0103ng t\u1eeb nh\u00e0 ra ph\u1ed1<\/span><\/h3>\n<p><span style=\"font-weight: 400;\">S\u1ef1 ti\u1ec7n l\u1ee3i l\u00e0 \u0111i\u1ec3m c\u1ed9ng l\u1edbn nh\u1ea5t c\u1ee7a set \u0111\u1ed3 nam n\u00e0y. B\u1ea1n c\u00f3 th\u1ec3 m\u1eb7c nguy\u00ean set \u0111\u1ec3 t\u1ea1o n\u00ean m\u1ed9t t\u1ed5ng th\u1ec3 \u0111\u1ed3ng b\u1ed9, th\u1eddi th\u01b0\u1ee3ng m\u00e0 kh\u00f4ng c\u1ea7n t\u1ed1n th\u1eddi gian suy ngh\u0129 c\u00e1ch ph\u1ed1i \u0111\u1ed3<\/span><\/p>\n","protected":false},"excerpt":{"rendered":"<ul>\n<li style=\"font-weight: 400;\" aria-level=\"1\"><span style=\"font-weight: 400;\">Ki\u1ec3u d\u00e1ng oversize<\/span><\/li>\n<li style=\"font-weight: 400;\" aria-level=\"1\"><span style=\"font-weight: 400;\">Ph\u00f9 h\u1ee3p t\u1eadp luy\u1ec7n v\u00e0 m\u1eb7c h\u00e0ng ng\u00e0y<\/span><\/li>\n<li style=\"font-weight: 400;\" aria-level=\"1\"><span style=\"font-weight: 400;\">Gi\u1eb7t m\u00e1y nh\u1eb9 &#8211; S\u1ea5y \u1edf m\u1ee9c nhi\u1ec7t th\u1ea5p<\/span><\/li>\n<\/ul>\n","protected":false},"featured_media":240,"comment_status":"open","ping_status":"closed","template":"","meta":[],"product_brand":[],"product_cat":[15],"product_tag":[],"class_list":{"0":"post-236","1":"product","2":"type-product","3":"status-publish","4":"has-post-thumbnail","6":"product_cat-san-pham","8":"first","9":"instock","10":"shipping-taxable","11":"purchasable","12":"product-type-variable"},"jetpack_sharing_enabled":true,"_links":{"self":[{"href":"https:\/\/tapvohongma.io.vn\/index.php?rest_route=\/wp\/v2\/product\/236","targetHints":{"allow":["GET"]}}],"collection":[{"href":"https:\/\/tapvohongma.io.vn\/index.php?rest_route=\/wp\/v2\/product"}],"about":[{"href":"https:\/\/tapvohongma.io.vn\/index.php?rest_route=\/wp\/v2\/types\/product"}],"replies":[{"embeddable":true,"href":"https:\/\/tapvohongma.io.vn\/index.php?rest_route=%2Fwp%2Fv2%2Fcomments&post=236"}],"wp:featuredmedia":[{"embeddable":true,"href":"https:\/\/tapvohongma.io.vn\/index.php?rest_route=\/wp\/v2\/media\/240"}],"wp:attachment":[{"href":"https:\/\/tapvohongma.io.vn\/index.php?rest_route=%2Fwp%2Fv2%2Fmedia&parent=236"}],"wp:term":[{"taxonomy":"product_brand","embeddable":true,"href":"https:\/\/tapvohongma.io.vn\/index.php?rest_route=%2Fwp%2Fv2%2Fproduct_brand&post=236"},{"taxonomy":"product_cat","embeddable":true,"href":"https:\/\/tapvohongma.io.vn\/index.php?rest_route=%2Fwp%2Fv2%2Fproduct_cat&post=236"},{"taxonomy":"product_tag","embeddable":true,"href":"https:\/\/tapvohongma.io.vn\/index.php?rest_route=%2Fwp%2Fv2%2Fproduct_tag&post=236"}],"curies":[{"name":"wp","href":"https:\/\/api.w.org\/{rel}","templated":true}]}}